{"id":144,"date":"2024-02-18T14:42:01","date_gmt":"2024-02-18T14:42:01","guid":{"rendered":"http:\/\/46.4.121.70\/~hanshenr\/kcc\/?page_id=144"},"modified":"2024-02-18T17:27:05","modified_gmt":"2024-02-18T17:27:05","slug":"privatlivspolitik","status":"publish","type":"page","link":"https:\/\/karamojachildcare.com\/?page_id=144","title":{"rendered":"privatlivspolitik"},"content":{"rendered":"\n<p>Privatlivspolitik&nbsp;(GDPR)<\/p>\n\n\n\n<p><strong>Form\u00e5l med indsamlingen af persondata<\/strong><\/p>\n\n\n\n<p>Vi anvender kun dine persondata til at:<\/p>\n\n\n\n<ul class=\"wp-block-list\">\n<li>kunne sende dig n\u00f8dvendig information om dit medlemskab\/donation<\/li>\n\n\n\n<li>Invitere dig til generalforsamling<\/li>\n\n\n\n<li>kunne administrere dine indbetalinger&nbsp;<\/li>\n<\/ul>\n\n\n\n<p><strong>Hvilke persondata behandler vi?<\/strong><\/p>\n\n\n\n<p>Vi behandler dit navn og kontaktoplysninger til ovenst\u00e5ende form\u00e5l. Vi opbevarer ydermere konto og registreringsnummer i vores netbank.<\/p>\n\n\n\n<p><strong>Hvorfor har vi lov til at behandle dine persondata?<\/strong><\/p>\n\n\n\n<p>Vi er forpligtet af bogf\u00f8ringsloven til at gemme data i fem \u00e5r plus indev\u00e6rende \u00e5r.&nbsp;<\/p>\n\n\n\n<p><strong>&nbsp;Hvor l\u00e6nge opbevarer vi dine persondata?<\/strong><\/p>\n\n\n\n<p>Som aktiv donor og medlem vil vi opbevare dine persondata i den tid, du er tilknyttet og fem \u00e5r plus efter indev\u00e6rende \u00e5r fra din sidste betaling i henhold til bogf\u00f8ringsloven.&nbsp;<\/p>\n\n\n\n<p><strong>Samtykke<\/strong> <strong>og anonymisering<\/strong><\/p>\n\n\n\n<p>Du har til enhver tid ret til at tr\u00e6kke dit samtykke tilbage. Du har ret til at anmode om korrektion, sletning eller blokering af dine persondata. \u00d8nsker du det, bedes du skrive til Formanden p\u00e5 karamojachildcare@gmail.com. Vi vil besvare din henvendelse s\u00e5 hurtigt som muligt og senest indenfor en m\u00e5ned fra din henvendelse.<\/p>\n","protected":false},"excerpt":{"rendered":"<p>Privatlivspolitik&nbsp;(GDPR) Form\u00e5l med indsamlingen af persondata Vi anvender kun dine persondata til at: Hvilke persondata behandler vi? Vi behandler dit navn og kontaktoplysninger til ovenst\u00e5ende form\u00e5l. Vi opbevarer ydermere konto og registreringsnummer i vores netbank. Hvorfor har vi lov til at behandle dine persondata? Vi er forpligtet af bogf\u00f8ringsloven til at gemme data i fem [&hellip;]<\/p>\n","protected":false},"author":2,"featured_media":0,"parent":0,"menu_order":0,"comment_status":"closed","ping_status":"closed","template":"","meta":{"footnotes":""},"class_list":["post-144","page","type-page","status-publish","hentry"],"_links":{"self":[{"href":"https:\/\/karamojachildcare.com\/index.php?rest_route=\/wp\/v2\/pages\/144","targetHints":{"allow":["GET"]}}],"collection":[{"href":"https:\/\/karamojachildcare.com\/index.php?rest_route=\/wp\/v2\/pages"}],"about":[{"href":"https:\/\/karamojachildcare.com\/index.php?rest_route=\/wp\/v2\/types\/page"}],"author":[{"embeddable":true,"href":"https:\/\/karamojachildcare.com\/index.php?rest_route=\/wp\/v2\/users\/2"}],"replies":[{"embeddable":true,"href":"https:\/\/karamojachildcare.com\/index.php?rest_route=%2Fwp%2Fv2%2Fcomments&post=144"}],"version-history":[{"count":3,"href":"https:\/\/karamojachildcare.com\/index.php?rest_route=\/wp\/v2\/pages\/144\/revisions"}],"predecessor-version":[{"id":160,"href":"https:\/\/karamojachildcare.com\/index.php?rest_route=\/wp\/v2\/pages\/144\/revisions\/160"}],"wp:attachment":[{"href":"https:\/\/karamojachildcare.com\/index.php?rest_route=%2Fwp%2Fv2%2Fmedia&parent=144"}],"curies":[{"name":"wp","href":"https:\/\/api.w.org\/{rel}","templated":true}]}}